 greatest common divisor of 45207 and 5.
1
Calculate the greatest common divisor of 51648 and 768.
192
What is the greatest common factor of 3230 and 3895?
95
What is the greatest common divisor of 206240 and 480?
160
What is the highest common factor of 5417 and 25?
1
Calculate the greatest common factor of 3000 and 16800.
600
What is the greatest common divisor of 31256 and 144?
8
What is the greatest common factor of 9 and 5811?
3
What is the greatest common factor of 3042 and 624?
78
What is the highest common divisor of 66 and 11264?
22
What is the greatest common divisor of 278 and 897106?
278
Calculate the greatest common divisor of 8680 and 10168.
248
What is the highest common divisor of 4630 and 45?
5
Calculate the highest common divisor of 99 and 259083.
99
Calculate the greatest common factor of 2013 and 14388.
33
Calculate the greatest common divisor of 1536 and 2784.
96
What is the highest common divisor of 132574 and 26?
26
Calculate the highest common divisor of 109698 and 564.
282
Calculate the highest common factor of 6050 and 620.
10
What is the highest common factor of 13226 and 537598?
778
What is the greatest common factor of 107007 and 159?
159
Calculate the highest common divisor of 11461 and 30144.
157
What is the highest common factor of 372 and 1181100?
372
What is the highest common factor of 136 and 71876?
68
What is the highest common factor of 41907 and 18091?
229
What is the greatest common divisor of 1163478 and 12?
6
What is the greatest common divisor of 10864 and 13677?
97
Calculate the greatest common divisor of 10206 and 10962.
378
What is the highest common factor of 170 and 2015?
5
What is the greatest common divisor of 792 and 5049?
99
What is the greatest common divisor of 22 and 5019773?
11
What is the highest common divisor of 2217 and 18820113?
2217
What is the highest common divisor of 13617 and 196779?
267
Calculate the highest common factor of 74345 and 10.
5
What is the highest common factor of 1496 and 544?
136
What is the greatest common factor of 598205 and 661?
661
What is the greatest common factor of 18 and 5482287?
9
What is the greatest common divisor of 24 and 334380?
12
What is the greatest common divisor of 12530 and 16?
2
What is the greatest common divisor of 2961 and 77?
7
What is the highest common divisor of 1050 and 1778?
14
Calculate the highest common divisor of 130092 and 1020.
12
Calculate the highest common factor of 96513 and 37027.
607
What is the greatest common factor of 641516 and 76?
76
Calculate the greatest common divisor of 303 and 273912.
303
What is the highest common divisor of 3262 and 9674?
14
What is the greatest common divisor of 2133352 and 16?
8
What is the highest common divisor of 3753 and 3336?
417
Calculate the greatest common divisor of 156 and 24778.
26
Calculate the greatest common divisor of 2668 and 2987.
29
Calculate the highest common divisor of 8 and 581384.
8
Calculate the greatest common divisor of 191656 and 56.
8
Calculate the highest common factor of 79090 and 385.
55
What is the greatest common factor of 4492299 and 21?
21
What is the greatest common divisor of 1386 and 89694?
198
Calculate the greatest common factor of 17 and 4153.
1
What is the greatest common divisor of 113 and 469402?
113
What is the greatest common factor of 801 and 47?
1
What is the highest common divisor of 227623 and 319?
11
Calculate the greatest common divisor of 255 and 111605.
85
What is the highest common divisor of 1121 and 2033?
19
Calculate the highest common factor of 57 and 53276.
19
What is the greatest common divisor of 1482 and 4503?
57
Calculate the highest common factor of 396 and 112662.
198
Calculate the greatest common factor of 2653 and 303579.
379
What is the greatest common divisor of 2 and 86679?
1
Calculate the highest common divisor of 6641943 and 154.
77
What is the highest common factor of 5264 and 8648?
376
Calculate the greatest common divisor of 1260 and 2673090.
630
Calculate the highest common factor of 183858 and 51.
3
What is the highest common factor of 31671 and 16767?
1863
What is the greatest common factor of 99 and 4851297?
99
What is the greatest common factor of 565231 and 95?
19
Calculate the highest common factor of 856060 and 20.
20
Calculate the highest common factor of 457293 and 2191.
313
What is the greatest common factor of 168755 and 85?
5
Calculate the greatest common factor of 1919 and 304.
19
Calculate the highest common divisor of 8280 and 31680.
360
Calculate the greatest common divisor of 160 and 5130080.
160
What is the greatest common divisor of 324398 and 122?
122
Calculate the greatest common factor of 21756 and 29304.
444
Calculate the highest common divisor of 19218 and 3.
3
What is the greatest common divisor of 28659 and 9?
3
What is the highest common factor of 80 and 166280?
40
What is the highest common factor of 211 and 8173085?
211
Calculate the greatest common divisor of 37733 and 389.
389
What is the highest common factor of 111980 and 5940?
220
What is the highest common factor of 24295 and 1921?
113
What is the highest common divisor of 105755 and 65?
65
What is the greatest common factor of 40 and 6315?
5
What is the greatest common factor of 480 and 22746720?
480
What is the greatest common factor of 14126 and 252?
14
Calculate the greatest common factor of 16085 and 5.
5
Calculate the greatest common divisor of 2826 and 792.
18
What is the highest common divisor of 5 and 9895?
5
Calculate the greatest common divisor of 24274 and 2061.
229
What is the greatest common divisor of 2338 and 25354?
14
Calculate the greatest common divisor of 494732 and 56.
28
Calculate the highest common factor of 1166452 and 28.
28
What is the highest common divisor of 781 and 42801?
11
What is the highest common factor of 450 and 753050?
50
Calculate the greatest common factor of 15920 and 2960.
80
What is the highest common factor of 1544 and 44583?
193
What is the greatest common factor of 33396 and 414?
138
Calculate the greatest common divisor of 71 and 994071.
71
Calculate the greatest common factor of 1459420 and 6020.
860
What is the greatest common divisor of 1012 and 78584?
44
Calculate the highest common factor of 64 and 6992.
16
Calculate the greatest common divisor of 47 and 424.
1
Calculate the highest common factor of 3297 and 79285.
157
Calculate the greatest common divisor of 516 and 449178.
258
Calculate the greatest common divisor of 298548 and 54.
18
What is the greatest common factor of 738160 and 80?
80
Calculate the greatest common divisor of 1800 and 44900.
100
Calculate the highest common divisor of 792 and 54120.
264
What is the highest common divisor of 72 and 25176?
24
Calculate the highest common factor of 211000 and 20.
20
What is the greatest common factor of 7581 and 882?
21
What is the highest common factor of 67 and 663769?
67
Calculate the greatest common divisor of 180 and 1011.
3
Calculate the greatest common factor of 2130 and 22862.
142
What is the highest common factor of 30 and 301158?
6
What is the greatest common divisor of 487642 and 2826?
314
What is the greatest common divisor of 4992 and 125931?
39
What is the highest common factor of 31 and 6017379?
31
What is the greatest common factor of 868 and 14632?
124
What is the greatest common factor of 1292782 and 3995?
799
Calculate the highest common divisor of 429 and 2301.
39
What is the highest common divisor of 87 and 539313?
87
Calculate the highest common divisor of 165 and 185185.
55
What is the greatest common divisor of 291538 and 52?
26
Calculate the highest common factor of 9924 and 192.
12
Calculate the greatest common divisor of 28 and 242851.
7
What is the greatest common divisor of 412 and 772?
4
What is the highest common divisor of 25 and 5503400?
25
What is the greatest common divisor of 6145063 and 1382?
691
Calculate the greatest common factor of 18144 and 525042.
1134
What is the highest common factor of 19877 and 556?
139
Calculate the highest common factor of 5630911 and 33.
11
Calculate the highest common divisor of 2733642 and 31.
31
What is the highest common factor of 1420575 and 65?
65
Calculate the highest common divisor of 590 and 58174.
118
Calculate the highest common factor of 35658